66*2. Suppose i*w = 491 - 140. Calculate the greatest common factor of 39 and w.
39
Let u = 7783 + -7603. Calculate the greatest common factor of u and 333.
9
Let z(s) = 214*s + 416. Let v be z(7). Calculate the highest common divisor of v and 66.
66
Let s = 244 + 119. Suppose 4 = -s*o + 364*o. What is the greatest common divisor of 20 and o?
4
Let y(a) be the first derivative of a**3/3 + a**2 - 8*a + 28. Let u be y(3). Calculate the highest common factor of u and 133.
7
Let d be ((-3)/6)/((-35)/14280). What is the highest common factor of 44 and d?
4
Let f(l) = l**3 - 10*l**2 - 15*l + 22. Suppose 0 = -q - q + 22. Let o be f(q). Let t = 23 + o. Calculate the greatest common divisor of t and 1.
1
Suppose 285 + 1165 = 10*b. What is the greatest common factor of 3973 and b?
29
Let a(y) = -2*y**2 - y + 39. Let r be a(-5). Let u be 0 + r/(-12)*48. What is the greatest common factor of 12 and u?
12
Suppose -114*l = -115*l + 3. Let s(d) = -d**3 - 5*d**2 + 7*d - 5. Let p be s(-7). Suppose -l*a + p - 41 = 0. Calculate the highest common divisor of 4 and a.
1
Suppose -2*y + 24 = 2*y. Suppose 1166 = 2*g + 2*g + 2*n, 5*n + 297 = g. Suppose 4*f = g - 28. What is the greatest common divisor of y and f?
6
Let h(f) = 2*f**3 - 11*f**2 - 15*f + 6. Suppose -3*i + 1 + 18 = -l, -4*l + 36 = 4*i. Let g be h(i). Calculate the highest common factor of 18 and g.
6
Suppose -12*o + 2679 + 1641 = 0. Suppose -22*p + o = -12*p. What is the highest common factor of 12 and p?
12
Let h(l) = -10*l + 228. Let y be h(20). Calculate the highest common factor of 2212 and y.
28
Suppose -d + 11 = -2*j + 5*j, 5*j - 21 = d. Let z be 2/j + 552/48. Calculate the highest common divisor of 204 and z.
12
Let i(d) = -d**2 + 3*d + 5. Let z(o) = o**2 - 7*o - 11. Let a(f) = -5*i(f) - 3*z(f). Let k be a(-3). What is the greatest common factor of k and 24?
8
Let x be 11 - (-210)/(-20) - 78/(-4). Calculate the highest common divisor of x and 196.
4
Suppose 11*q - 3*q = 56. Let z(s) = s**3 - 37*s + 1. Let t be z(-6). What is the greatest common factor of q and t?
7
Let y(r) = 3*r**2 + 26*r + 57. Let n be y(-3). Let u(f) = -f**2 + f + 66. Let p be u(0). What is the highest common divisor of n and p?
6
Let l be (4 - 30/9)*3375/50. Let k(s) = 2*s + 1. Let i be 104/24 + (-2)/6. Let y be k(i). Calculate the greatest common factor of y and l.
9
Suppose -y - 102 = -2*y. Suppose -3*w + y = -0*w. Suppose w*k - 168 = 30*k. What is the greatest common divisor of 14 and k?
14
Suppose 0 + 3 = 4*d + 3*a, 5*a - 5 = -2*d. Suppose -z + 5 = d, -5*z + z - 90 = -5*p. What is the highest common divisor of p and 22?
22
Suppose 0 = 15*y + 272 - 1262. Let o be 2/(-11) + 804/y. Suppose 5*k - 11 = h, -7 = -0*h + 2*h - 5*k. What is the highest common factor of o and h?
4
Let a = -3575 - -4571. What is the greatest common factor of a and 415?
83
Let r(a) = 10*a**2 - 2*a + 5. Let j be r(-2). Suppose 2*n = 10, 0 = 3*w - n - 594 - j. What is the greatest common factor of 16 and w?
8
Let s(g) = -g**3 + 5*g**2 - g - 13. Let a be s(5). Let h be -1 - -7 - (a + 22). Suppose h*b + 3 = 15. What is the highest common divisor of 6 and b?
6
Let t be 482 + 112 + -4 + (-3)/(6/4). What is the highest common factor of t and 24?
12
Let t be 4/28 - (-1719)/21. Let a = t + -148. Let b = a - -70. Calculate the highest common divisor of 36 and b.
4
Let p be (-4 - (-2108)/5)/(4/100). What is the greatest common factor of 18 and p?
18
Let b(m) = 256*m + 14 - 515*m + 254*m. Let t be b(3). Let k be -2*((27/2)/(-3) + t). Calculate the highest common divisor of 88 and k.
11
Let a be 281/1 + 15*(-26)/65. What is the greatest common divisor of 385 and a?
55
Let m be 6 + ((-1020)/14)/(11/(-1001)). Suppose 547*s - m = 541*s. What is the greatest common factor of s and 14?
14
Let t(z) = -923*z - 8225. Let i be t(-9). Calculate the greatest common divisor of 369 and i.
41
Let u be (-2)/(-8)*0*1/(-8). Suppose u = -8*w + 3*w + 1280. What is the highest common factor of 8 and w?
8
Suppose -5*i + 25 = 0, i = 2*r - 3*i - 12. Suppose 2*f - r = -w + 6*f, 80 = 5*w - 2*f. What is the highest common divisor of w and 512?
16
Let t be -836*(440/(-32))/5. Suppose 1679 = 26*l - t. Calculate the highest common factor of 9 and l.
9
Let n(b) = 1672*b**2 + 63*b + 3. Let u be n(-2). What is the highest common divisor of 260 and u?
65
Suppose -5*p - 3*i + 797 = 0, -2*p + 76*i = 77*i - 318. What is the greatest common factor of 2 and p?
1
Let i(p) = -16*p + 6. Let z be i(12). Let f = -184 - z. Let w(y) = 2*y**2 - 3*y. Let u be w(2). What is the greatest common factor of f and u?
2
Suppose 15 = t - 0. Let b be -1 - (6 - 10 - 0). What is the greatest common divisor of t and b?
3
Suppose j - 5*g - 42 = 0, 18*g = -4*j + 13*g + 168. What is the highest common divisor of j and 826?
14
Let t = -7552 - -7660. Calculate the highest common divisor of t and 492.
12
Let z(m) = 1263*m - 10078. Let n be z(8). What is the greatest common factor of n and 4498?
26
Let i = 87 + 3. Let u(b) = -b + 17. Let q be u(-13). Suppose -q = -r - 0. What is the greatest common divisor of r and i?
30
Let h(x) = -7 + 6*x**2 + 11*x**2 - x**3 + 6*x**2 - 20*x**2 + 7*x. Let b be h(5). Let s = 4 - b. Calculate the greatest common divisor of s and 2.
2
Let v = -22840 - -22964. Calculate the highest common divisor of 6138 and v.
62
Let h be (-1252 + 7)*(-21)/14*(-6)/(-9). What is the greatest common divisor of 135 and h?
15
Let y = -67 - -133. Suppose 398*b + 393*b = 797*b - 36. What is the greatest common divisor of b and y?
6
Let h be (-4 - 0)*(2 + -13 + 5). What is the greatest common divisor of h and 216?
24
Let f be ((-1)/((-3)/(-99)))/(6/(-4)). Suppose -i + f = 2*j + j, -5*i = 4*j - 11. Let p be 3/(j/4)*189/18. Calculate the greatest common divisor of p and 56.
14
Suppose -755 = -6*w + 301. What is the greatest common factor of w and 27632?
176
Let w = -38 - -57. Suppose 1960*l = 1958*l + 12. Let b be (l/(-4) + 1)*-28 - -5. Calculate the highest common factor of b and w.
19
Suppose -65*n + 59361 = 56*n - 5979. What is the highest common divisor of 486 and n?
54
Let s(r) = r**3 + 40*r**2 + 308*r + 87. Let z be s(-27). Calculate the greatest common factor of z and 36.
12
Suppose 5*f + 238 = 2*q, 2*q - 256 = -11*f + 7*f. Let r = 322 - q. Let k = -12 - -30. What is the greatest common divisor of k and r?
18
Suppose 2*b + 9 = -4*i - 5, b = i - 19. Let x be (b/12)/((-12)/240). Calculate the greatest common divisor of 10 and x.
5
Let w = -221 - -245. Suppose -5*v + 10 = 3*p + 35, p + 5*v = -25. Let t be 51 + (-3)/(1 + p). Calculate the highest common factor of w and t.
24
Suppose 13*i - 1389 = -219. Let r = 125 - i. Suppose d + 9 = 23. Calculate the greatest common factor of r and d.
7
Suppose -82 = -2*r - 30. Suppose -r = -7*k + 289. What is the highest common factor of k and 495?
45
Suppose 3*d - 304 = 4*h, -2*d - 3*d - 4*h + 496 = 0. Suppose 77*p = 81*p - d. What is the highest common factor of p and 15?
5
Let o(y) = -y**3 + 7*y**2 + 69*y + 127. Let w be o(-4). Calculate the highest common factor of 10359 and w.
9
Let w(x) be the first derivative of 3*x**2 + 203*x - 161. Let v be w(-32). What is the highest common divisor of 176 and v?
11
Suppose 94*h + 120 = 102*h. Let t(q) = q**2 - 7*q + 4. Let s be t(5). Let p(w) = -21*w - 6. Let x be p(s). Calculate the highest common divisor of h and x.
15
Suppose -5*n = 10, -5*x + 2*n - 137 = -2*n. Let z = x + 57. Let w = 51 - z. Calculate the greatest common divisor of w and 92.
23
Let r be (-64)/8 - (-86 - 8). What is the greatest common factor of r and 387?
43
Suppose 3*v = 29 + 388. Let t = v - 31. Calculate the greatest common factor of t and 135.
27
Let k(b) = b**2 - 14*b - 21. Let i be k(17). Let y be (-182)/(-65) - -17 - ((-6)/5 + 1). Calculate the highest common factor of i and y.
10
Suppose 11050 = 234*o - 221*o. Calculate the greatest common divisor of 5 and o.
5
Suppose -4*s = -4*b + 540, -b + 147 = 2*s - 0*s. Let q = b - 76. What is the greatest common divisor of q and 36?
9
Suppose 0*q - 242 = -5*x + 3*q, 196 = 4*x - 3*q. Let a(m) = 66*m**3 + 14*m**2 - 13*m - 6. Let z be a(2). What is the greatest common factor of x and z?
46
Let y(p) = 317*p - 514. Let u be y(2). Calculate the greatest common divisor of u and 7200.
120
Let p = 10 + 6. Let o(m) be the second